t is the remainder when 323 is divided by 30?
23
What is the remainder when 1640 is divided by 26?
2
Calculate the remainder when 1099 is divided by 44.
43
What is the remainder when 116 is divided by 10?
6
Calculate the remainder when 118 is divided by 31.
25
Calculate the remainder when 168 is divided by 55.
3
Calculate the remainder when 109 is divided by 28.
25
What is the remainder when 171 is divided by 90?
81
Calculate the remainder when 48899 is divided by 79.
77
Calculate the remainder when 134 is divided by 5.
4
What is the remainder when 94 is divided by 14?
10
What is the remainder when 676 is divided by 168?
4
Calculate the remainder when 86 is divided by 44.
42
What is the remainder when 451 is divided by 51?
43
Calculate the remainder when 132 is divided by 91.
41
What is the remainder when 1352 is divided by 138?
110
What is the remainder when 2867 is divided by 954?
5
Calculate the remainder when 351 is divided by 83.
19
Calculate the remainder when 12 is divided by 1.
0
Calculate the remainder when 642 is divided by 94.
78
Calculate the remainder when 88 is divided by 15.
13
Calculate the remainder when 159 is divided by 9.
6
What is the remainder when 9725 is divided by 19?
16
What is the remainder when 1446 is divided by 164?
134
What is the remainder when 129 is divided by 99?
30
Calculate the remainder when 436 is divided by 433.
3
What is the remainder when 625 is divided by 163?
136
What is the remainder when 258 is divided by 34?
20
Calculate the remainder when 4926 is divided by 13.
12
What is the remainder when 187 is divided by 21?
19
What is the remainder when 326 is divided by 14?
4
What is the remainder when 4293 is divided by 17?
9
What is the remainder when 81 is divided by 17?
13
Calculate the remainder when 530 is divided by 250.
30
What is the remainder when 413 is divided by 103?
1
Calculate the remainder when 1629 is divided by 109.
103
What is the remainder when 726 is divided by 8?
6
Calculate the remainder when 248 is divided by 37.
26
Calculate the remainder when 10169 is divided by 15.
14
What is the remainder when 1854 is divided by 143?
138
What is the remainder when 897 is divided by 125?
22
What is the remainder when 3381 is divided by 20?
1
Calculate the remainder when 2385 is divided by 234.
45
What is the remainder when 26 is divided by 14?
12
What is the remainder when 836 is divided by 26?
4
What is the remainder when 397 is divided by 26?
7
What is the remainder when 8188 is divided by 30?
28
What is the remainder when 33 is divided by 28?
5
Calculate the remainder when 788 is divided by 7.
4
What is the remainder when 939 is divided by 41?
37
Calculate the remainder when 512 is divided by 168.
8
Calculate the remainder when 544 is divided by 110.
104
Calculate the remainder when 71 is divided by 36.
35
What is the remainder when 129 is divided by 66?
63
What is the remainder when 394 is divided by 79?
78
What is the remainder when 53 is divided by 22?
9
What is the remainder when 1468 is divided by 51?
40
Calculate the remainder when 1718 is divided by 338.
28
What is the remainder when 6944 is divided by 1735?
4
What is the remainder when 3232 is divided by 49?
47
What is the remainder when 2255 is divided by 8?
7
What is the remainder when 27 is divided by 12?
3
Calculate the remainder when 157 is divided by 80.
77
Calculate the remainder when 106 is divided by 27.
25
Calculate the remainder when 173 is divided by 58.
57
Calculate the remainder when 1335 is divided by 168.
159
Calculate the remainder when 50 is divided by 43.
7
What is the remainder when 492 is divided by 11?
8
What is the remainder when 2432 is divided by 111?
101
What is the remainder when 408 is divided by 141?
126
What is the remainder when 45 is divided by 31?
14
Calculate the remainder when 40 is divided by 11.
7
What is the remainder when 137 is divided by 35?
32
Calculate the remainder when 390 is divided by 100.
90
What is the remainder when 340 is divided by 127?
86
Calculate the remainder when 144033 is divided by 18.
15
What is the remainder when 514 is divided by 19?
1
What is the remainder when 122 is divided by 38?
8
What is the remainder when 2058 is divided by 9?
6
What is the remainder when 251 is divided by 75?
26
What is the remainder when 212 is divided by 101?
10
What is the remainder when 905 is divided by 114?
107
What is the remainder when 861 is divided by 27?
24
What is the remainder when 481 is divided by 124?
109
What is the remainder when 2545 is divided by 38?
37
Calculate the remainder when 3185 is divided by 17.
6
What is the remainder when 136 is divided by 14?
10
Calculate the remainder when 30499 is divided by 10.
9
What is the remainder when 227 is divided by 77?
73
What is the remainder when 5815 is divided by 52?
43
Calculate the remainder when 534 is divided by 176.
6
What is the remainder when 86 is divided by 78?
8
What is the remainder when 96 is divided by 90?
6
Calculate the remainder when 110 is divided by 15.
5
Calculate the remainder when 814 is divided by 814.
0
Calculate the remainder when 125 is divided by 14.
13
Calculate the remainder when 162 is divided by 29.
17
What is the remainder when 1802 is divided by 359?
7
Calculate the remainder when 1089 is divided by 120.
9
Calculate the remainder when 231 is divided by 41.
26
What is the remainder when 20 is divided by 8?
4
Calculate the remainder when 82 is divided by 24.
10
What is the remainder when 86 is divided by 10?
6
What is the remainder when 416 is divided by 19?
17
Calculate the remainder when 252 is divided by 241.
11
What is the remainder when 1238 is divided by 124?
122
Calculate the remainder when 476 is divided by 164.
148
What is the remainder when 316 is divided by 240?
76
What is the remainder when 252 is divided by 26?
18
What is the remainder when 21811 is divided by 7?
6
Calculate the remainder when 261 is divided by 83.
12
Calculate the remainder when 768 is divided by 36.
12
Calculate the remainder when 85 is divided by 49.
36
Calculate the remainder when 276 is divided by 15.
6
Calculate the remainder when 335 is divided by 52.
23
What is the remainder when 334 is divided by 56?
54
Calculate the remainder when 93 is divided by 25.
18
What is the remainder when 284 is divided by 26?
24
Calculate the remainder when 94 is divided by 52.
42
Calculate the remainder when 791 is divided by 53.
49
Calculate the remainder when 69 is divided by 15.
9
Calculate the remainder when 94 is divided by 14.
10
What is the remainder when 34 is divided by 14?
6
What is the remainder when 18 is divided by 10?
8
Calculate the remainder when 97 is divided by 4.
1
What is the remainder when 79 is divided by 63?
16
What is the remainder when 5179 is divided by 2578?
23
What is the remainder when 46 is divided by 12?
10
Calculate the remainder when 8462 is divided by 326.
312
What is the remainder when 59 is divided by 21?
17
What is the remainder when 13504 is divided by 37?
36
Calculate the remainder when 2830 is divided by 135.
130
What is the remainder when 206 is divided by 52?
50
What is the remainder when 788 is divided by 202?
182
Calculate the remainder when 160 is divided by 21.
13
What is the remainder when 2290 is divided by 37?
33
What is the remainder when 506 is divided by 57?
50
Calculate the remainder when 645 is divided by 34.
33
Calculate the remainder when 79 is divided by 72.
7
Calculate the remainder when 2213 is divided by 553.
1
Calculate the remainder when 2045 is divided by 35.
15
Calculate the remainder when 295 is divided by 81.
52
What is the remainder when 2543 is divided by 5?
3
What is the remainder when 6255 is divided by 23?
22
What is the remainder when 245 is divided by 41?
40
What is the remainder when 797 is divided by 50?
47
Calculate the remainder when 28 is divided by 15.
13
What is the remainder when 1324 is divided by 249?
79
Calculate the remainder when 134 is divided by 51.
32
Calculate the remainder when 1544 is divided by 43.
39
Calculate the remainder when 37 is divided by 22.
15
Calculate the remainder when 360 is divided by 95.
75
What is the remainder when 180 is divided by 19?
9
What is the remainder when 1531 is divided by 449?
184
Calculate the remainder when 455 is